{"id":381,"date":"2023-05-01T16:20:13","date_gmt":"2023-05-01T14:20:13","guid":{"rendered":"https:\/\/www.mamaisonroule.fr\/?page_id=381"},"modified":"2025-09-25T19:34:59","modified_gmt":"2025-09-25T17:34:59","slug":"les-prestations","status":"publish","type":"page","link":"https:\/\/www.mamaisonroule.fr\/index.php\/les-prestations\/","title":{"rendered":"Les prestations"},"content":{"rendered":"\n<h3 class=\"wp-block-heading\">Cr\u00e9ation sur-mesure<\/h3>\n\n\n\n<p>Les plans de votre micro-habitation mobile ou d\u00e9pla\u00e7able sont \u00e9labor\u00e9s en concertation avec vous. Plusieurs \u00e9changes sont n\u00e9cessaires avant de valider les plans. Puis on passe \u00e0 la r\u00e9alisation, qui peut durer jusqu&rsquo;\u00e0 six mois selon les projets. <\/p>\n\n\n\n<figure class=\"wp-block-image size-large\"><img loading=\"lazy\" decoding=\"async\" width=\"1024\" height=\"606\" src=\"https:\/\/www.mamaisonroule.fr\/wp-content\/uploads\/2024\/02\/plan-roulotte-Sara-02-1024x606.jpg\" alt=\"\" class=\"wp-image-779\" srcset=\"https:\/\/www.mamaisonroule.fr\/wp-content\/uploads\/2024\/02\/plan-roulotte-Sara-02-1024x606.jpg 1024w, https:\/\/www.mamaisonroule.fr\/wp-content\/uploads\/2024\/02\/plan-roulotte-Sara-02-300x178.jpg 300w, https:\/\/www.mamaisonroule.fr\/wp-content\/uploads\/2024\/02\/plan-roulotte-Sara-02-768x455.jpg 768w, https:\/\/www.mamaisonroule.fr\/wp-content\/uploads\/2024\/02\/plan-roulotte-Sara-02.jpg 1034w\" sizes=\"auto, (max-width: 706px) 89vw, (max-width: 767px) 82vw, 740px\" \/><\/figure>\n\n\n\n<h3 class=\"wp-block-heading has-text-align-left\">Pose d&rsquo;accessoires<\/h3>\n\n\n\n<p class=\"has-text-align-left\">Ma Maison Roule se charge surtout de projets complets, mais peut aussi r\u00e9pondre \u00e0 vos besoins de pose d&rsquo;accessoires ou modifications diverses : un panneau solaire, une fen\u00eatre suppl\u00e9mentaire, un chauffage. <br>Ma Maison Roule dispose de l&rsquo;agr\u00e9ment installateur pour les chauffages embarqu\u00e9s AUTOTERM.<\/p>\n\n\n\n<figure class=\"wp-block-image size-large\"><img decoding=\"async\" src=\"https:\/\/www.mamaisonroule.fr\/wp-content\/uploads\/2024\/08\/amenagement-camping-car-ducato-l4h2-04-1024x614.jpg\" alt=\"\" class=\"wp-image-869\"\/><\/figure>\n\n\n\n<h3 class=\"wp-block-heading\">Administratif <\/h3>\n\n\n\n<p>Pour tout projet d&rsquo;am\u00e9nagement complet de camping-car, Ma Maison Roule se charge de l&rsquo;homologation de votre v\u00e9hicule : certification gaz, dossier DREAL, obtention de la carte grise VASP.<br>Si vous avez besoin d&rsquo;aide pour une autorisation d&rsquo;urbanisme, il est possible de cr\u00e9er pour vous les visuels n\u00e9cessaires.<br>Si vous commandez une roulotte ou un module grutable, on se charge d&rsquo;organiser le transport de l&rsquo;atelier jusqu&rsquo;\u00e0 votre emplacement.<\/p>\n\n\n\n<figure class=\"wp-block-image size-large\"><img loading=\"lazy\" decoding=\"async\" width=\"1024\" height=\"576\" src=\"https:\/\/www.mamaisonroule.fr\/wp-content\/uploads\/2025\/09\/IMG_20240702_171045-1024x576.jpg\" alt=\"\" class=\"wp-image-1065\" style=\"object-fit:cover\" srcset=\"https:\/\/www.mamaisonroule.fr\/wp-content\/uploads\/2025\/09\/IMG_20240702_171045-1024x576.jpg 1024w, https:\/\/www.mamaisonroule.fr\/wp-content\/uploads\/2025\/09\/IMG_20240702_171045-300x169.jpg 300w, https:\/\/www.mamaisonroule.fr\/wp-content\/uploads\/2025\/09\/IMG_20240702_171045-768x432.jpg 768w, https:\/\/www.mamaisonroule.fr\/wp-content\/uploads\/2025\/09\/IMG_20240702_171045-1536x864.jpg 1536w, https:\/\/www.mamaisonroule.fr\/wp-content\/uploads\/2025\/09\/IMG_20240702_171045-2048x1153.jpg 2048w\" sizes=\"auto, (max-width: 706px) 89vw, (max-width: 767px) 82vw, 740px\" \/><\/figure>\n","protected":false},"excerpt":{"rendered":"<p>Cr\u00e9ation sur-mesure Les plans de votre micro-habitation mobile ou d\u00e9pla\u00e7able sont \u00e9labor\u00e9s en concertation avec vous. Plusieurs \u00e9changes sont n\u00e9cessaires avant de valider les plans. Puis on passe \u00e0 la r\u00e9alisation, qui peut durer jusqu&rsquo;\u00e0 six mois selon les projets. Pose d&rsquo;accessoires Ma Maison Roule se charge surtout de projets complets, mais peut aussi r\u00e9pondre &hellip; <\/p>\n<p class=\"link-more\"><a href=\"https:\/\/www.mamaisonroule.fr\/index.php\/les-prestations\/\" class=\"more-link\">Continuer la lecture<span class=\"screen-reader-text\"> de &laquo;&nbsp;Les prestations&nbsp;&raquo;<\/span><\/a><\/p>\n","protected":false},"author":1,"featured_media":0,"parent":0,"menu_order":0,"comment_status":"closed","ping_status":"closed","template":"","meta":{"footnotes":""},"class_list":["post-381","page","type-page","status-publish","hentry"],"_links":{"self":[{"href":"https:\/\/www.mamaisonroule.fr\/index.php\/wp-json\/wp\/v2\/pages\/381","targetHints":{"allow":["GET"]}}],"collection":[{"href":"https:\/\/www.mamaisonroule.fr\/index.php\/wp-json\/wp\/v2\/pages"}],"about":[{"href":"https:\/\/www.mamaisonroule.fr\/index.php\/wp-json\/wp\/v2\/types\/page"}],"author":[{"embeddable":true,"href":"https:\/\/www.mamaisonroule.fr\/index.php\/wp-json\/wp\/v2\/users\/1"}],"replies":[{"embeddable":true,"href":"https:\/\/www.mamaisonroule.fr\/index.php\/wp-json\/wp\/v2\/comments?post=381"}],"version-history":[{"count":10,"href":"https:\/\/www.mamaisonroule.fr\/index.php\/wp-json\/wp\/v2\/pages\/381\/revisions"}],"predecessor-version":[{"id":1066,"href":"https:\/\/www.mamaisonroule.fr\/index.php\/wp-json\/wp\/v2\/pages\/381\/revisions\/1066"}],"wp:attachment":[{"href":"https:\/\/www.mamaisonroule.fr\/index.php\/wp-json\/wp\/v2\/media?parent=381"}],"curies":[{"name":"wp","href":"https:\/\/api.w.org\/{rel}","templated":true}]}}